atest common factor of a and 1265?
11
Suppose -4*b + 2*m + 7406 = 0, -2*b - 4*m = -b - 1865. What is the greatest common factor of b and 17?
17
Suppose -8 = 2*j, 0*f = 5*f - j - 299. Calculate the greatest common factor of f and 649.
59
Suppose 0*n = -12*n + 48. Suppose -2*w = n*h - 448, -w - 5*h + 1110 = 4*w. Calculate the greatest common factor of 20 and w.
20
Let o = 21 + -35. Let i(q) = 21*q. Let p be i(-1). Let d be (-97)/(-3) + o/p. What is the highest common divisor of 3 and d?
3
Let v be -16*(-9)/(-12)*-7. Let w = 9 + -14. Let n be ((-112)/(-20))/((-1)/w). What is the highest common factor of n and v?
28
Suppose 14 = 4*j - 138. What is the greatest common divisor of j and 209?
19
Let j(y) = -4*y + 146. Let f be j(36). Calculate the greatest common divisor of 96 and f.
2
Let g = -8 - -12. Let w(s) = s + 4. Let y be w(5). Let a be y - -1*(-2 + -1). Calculate the highest common divisor of g and a.
2
Let y = 1684 - 1541. Calculate the highest common factor of y and 91.
13
Let q(a) = 25*a + 804. Let b be q(-15). Calculate the highest common factor of 33 and b.
33
Let z be 1*(-1 - (-3)/2)*2. Let h be (-5 - -8) + 22 + z. Calculate the greatest common factor of h and 39.
13
Suppose -23*f + 55*f = 96. Let n be 25 - (-4*1 - -2). What is the highest common factor of f and n?
3
Let c = 2131 + -2122. Suppose -3*w + 0*w - 33 = -2*s, 0 = 5*s + w - 40. Calculate the greatest common factor of s and c.
9
Let a be 3900/36 + (-2)/6. Calculate the highest common factor of 27 and a.
27
Let q(g) = 2*g**2 - 11*g - 5. Let x be q(11). Suppose -t = 13 + x. Let v = -84 - t. What is the greatest common factor of 9 and v?
9
Let v = 199 + -151. What is the highest common factor of v and 60?
12
Suppose 0 = -4*h + 2*p + 142, -67*p + 64*p - 141 = -4*h. What is the highest common factor of 192 and h?
12
Let g(r) = -4*r + 120. Let m be g(29). What is the greatest common factor of 64 and m?
4
Let u = -198 - -214. Calculate the greatest common factor of u and 48.
16
Let u(v) = -6*v**3 - 10*v**2 - 15*v - 40. Let x be u(-6). Calculate the greatest common factor of x and 58.
58
Let d be (-969)/85*20/(-6). Let a = -26 + d. Let l = 93 - 63. What is the greatest common divisor of l and a?
6
Suppose 80 = 16*l - 11*l. Let m be 466/14 + (l/14)/(-4). Calculate the greatest common factor of m and 3.
3
Let c = -55 - -36. Let q be (1/2)/(4/(-88)). Let g = q - c. Calculate the greatest common factor of 64 and g.
8
Let r be (-12)/(-66) + 317/11. Let p be 1 + ((-88)/12)/(14/(-441)). Calculate the highest common factor of p and r.
29
Suppose 2*v - 3*x = -0*x + 10, -4*v = 3*x - 2. Suppose 0 = -4*d - 8, 109 = v*m + m - 2*d. Calculate the greatest common factor of m and 7.
7
Suppose -5*o + 12 = 3*l, 0*o - 3*o = l - 4. Let r = 112 - 99. Suppose -125 = -l*c - r. What is the greatest common factor of c and 70?
14
Suppose 0 = -4*j + 70 + 6. Let n = j + -13. What is the highest common divisor of n and 60?
6
Let b = -182 + 190. Suppose -14*q + 96 = -b*q. Suppose -2*c + 0 = -16. What is the greatest common divisor of c and q?
8
Let m(f) = -f**2 + 7*f. Suppose -5*a + 35 = -0. Let p be m(a). Suppose p = 4*d + 2*x - 58, 2*d - x = 4 + 15. Calculate the greatest common divisor of 108 and d.
12
Suppose 14*l + 3*u + 33 = 16*l, 2*u - 54 = -5*l. What is the greatest common divisor of l and 75?
3
Suppose -3816 = -4*y - 2*y. Calculate the greatest common divisor of 12 and y.
12
Suppose -3*h - h + 14 = r, -3*r = 2*h + 8. Suppose -q + 2*w = -6, 4*q + 1 = 2*w - 5. Let o be (r/q)/(21/280). What is the highest common divisor of 20 and o?
20
Let q = 945 - 805. What is the highest common factor of q and 756?
28
Let p = -68 - -71. Suppose -t = 3*m - 28, -4*m = p*t - 2*t - 32. Calculate the greatest common factor of t and 48.
16
Suppose -3*w + 23 + 10 = 0. Let x be w/(4/96*4). Calculate the highest common divisor of 6 and x.
6
Let q(k) be the second derivative of -k**4/12 - k**3 + k**2/2 - 14*k. Let f be q(-5). What is the greatest common divisor of 54 and f?
6
Let y be ((-14)/(-6) + -3)*9. Let s be (-302)/(-6) - (-2)/y. What is the highest common divisor of s and 10?
10
Let t be (48/20)/(3*4/30). Let w(j) = j**2 - 1. Let l be w(-4). Let x = -9 + l. Calculate the greatest common factor of t and x.
6
Suppose -1133 + 125 = -7*d. What is the greatest common factor of 108 and d?
36
Let k be (5 - -1)/((-15)/(-10)). Let n be 4/(-12) - k/6. Let p be -45*n*3/9. Calculate the highest common factor of 165 and p.
15
Suppose 0 = -13*r + 3681 + 10684. What is the greatest common divisor of 255 and r?
85
Let d = 23 + -48. Let q be ((-342)/15)/((-1)/d). Let z be (1/3)/((-10)/q). What is the greatest common factor of 152 and z?
19
Let u = -1279 - -1284. Suppose 2*s + 8 = 4*s - 2*d, 4*d = -s - 1. Suppose -s*k = -u - 31. What is the highest common factor of 30 and k?
6
Let n(b) = -b - 5. Let t(f) = f. Let j(k) = -n(k) + 2*t(k). Let c = 9 - 4. Let d be j(c). Calculate the highest common divisor of 50 and d.
10
Let z be 4/(-26) - (378/78 + -6). Calculate the greatest common factor of z and 5.
1
Let k = 886 - 868. What is the greatest common divisor of 81 and k?
9
Suppose 2306 = 12*t - 202. What is the highest common divisor of 57 and t?
19
Let i(w) = 31*w**3 + 5*w**2 - 25*w - 3. Let x be i(5). What is the greatest common factor of x and 16?
16
Suppose -3*c + 609 = -c - 5*v, -5*c = v - 1536. Suppose 3*u + x - 278 = 12, u - 92 = -5*x. Suppose c - u = 5*n. Calculate the highest common factor of n and 6.
6
Let v be 120/8 + (-2)/(-1). Let z = v + 3. Suppose -s + 240 = 3*s. What is the greatest common factor of z and s?
20
Suppose -o + 3*o + 2*b = 62, 0 = 3*b - 15. Suppose -3*n - 1 = 2, 3*k + 3*n - 309 = 0. What is the highest common factor of o and k?
26
Let a = 9 + 6. Let o(h) = 2*h**2 - 2*h + 8. Let t be o(8). Let y = 225 - t. What is the greatest common factor of a and y?
15
Suppose 74 = 15*b - 31. Let q be b/(14/4) + 295. Calculate the greatest common factor of q and 27.
27
Let f(d) = 23*d + 19. Let l be f(-4). Let k = 91 + l. Let o = 43 + -31. What is the greatest common divisor of k and o?
6
Let a be (2 - 83)*1/(-1). Let q be (-18 - -1 - 1)*2/(-4). Calculate the highest common divisor of a and q.
9
Let l be (-4)/6 - 140/15. Let s be (-1)/5 - (-118)/l. Let w be (-56 - -2)/(18/s). What is the highest common divisor of w and 9?
9
Let d(h) = 2*h**2 + 29*h - 388. Let r be d(10). What is the highest common factor of r and 1938?
102
Let m = 84 + -52. Let w = -35 - -41. Suppose 2*l = -w*l + 128. Calculate the greatest common factor of m and l.
16
Let m = -192 + 417. Suppose -2*c = 3*c - m. Suppose -5*n + 56 + 34 = 0. What is the highest common divisor of n and c?
9
Let s be (2/(-5))/(18/(-9900)). What is the highest common divisor of s and 20?
20
Let c be (1 - (-30)/5) + -4. Let y be 11 + 1/(c/(-9)). What is the highest common factor of 88 and y?
8
Suppose 26*u - 118776 = 2*u. What is the highest common divisor of 101 and u?
101
Let y be 1/2 - (-74)/(-4). Let b be (-498)/y + 2/6. Let r be (-14 + b)/(2 + 0). Calculate the greatest common divisor of 77 and r.
7
Suppose -5*x - 14 + 1 = n, -5*n - 85 = 5*x. Let a = 20 + n. Let m be 2 + (-4)/(-2)*2. What is the greatest common divisor of a and m?
2
Let a(k) = 136*k - 1. Let z be a(1). Let m be (z/20)/((-1)/(-40)). Suppose -6*b + b + m = 0. Calculate the highest common factor of 18 and b.
18
Let m(v) = v**2 - 5*v + 10. Let n be m(14). Calculate the highest common divisor of 48 and n.
8
Suppose 46 = 21*i - 626. What is the greatest common factor of 448 and i?
32
Suppose 5*t - 7 = -2*n, 5*t = 5*n + 27 + 8. Suppose 0 = t*h - 15, 3*y + 0*h = 4*h + 1. Let b = 3 + y. What is the highest common divisor of b and 110?
10
Let o(t) = 6*t**2 - t + 6. Let l(z) = z**3 - 3*z**2 - 2*z + 3. Let j be l(3). Let m be o(j). What is the highest common divisor of m and 18?
9
Suppose 7*s - 1008 = -5*s. Calculate the highest common divisor of s and 24.
12
Suppose -4*t - 6 = -0*b - 2*b, 5*t = 2*b - 5. Suppose 0 = -b*i - 2*i + 42. What is the greatest common divisor of i and 108?
6
Let f(k) = -k**3 + 7*k**2 + 5*k - 8. Let u be f(4). Let s be (13/2)/(6/u*5). Calculate the highest common divisor of 13 and s.
13
Let w(v) = 708*v**3 + 2*v**2 - 2. Let r be w(1). What is the highest common divisor of r and 12?
12
Let g(l) = -6*l 